{"id":47259,"date":"2018-04-27T00:35:43","date_gmt":"2018-04-27T00:35:43","guid":{"rendered":"http:\/\/fundasuvicol.org\/sitio\/?page_id=47259"},"modified":"2018-05-25T21:50:51","modified_gmt":"2018-05-25T21:50:51","slug":"que-son-los-trastornos-del-sueno","status":"publish","type":"page","link":"https:\/\/fundasuvicol.org\/sitio\/que-son-los-trastornos-del-sueno\/","title":{"rendered":"Qu\u00e9 son los Trastornos del Sue\u00f1o"},"content":{"rendered":"<p>[et_pb_section fb_built=\u00bb1&#8243; admin_label=\u00bbsection\u00bb _builder_version=\u00bb3.0.106&#8243; custom_padding=\u00bb54px|0px|0|0px\u00bb top_divider_style=\u00bbclouds2&#8243; top_divider_color=\u00bb#0079B1&#8243;][et_pb_row admin_label=\u00bbrow\u00bb _builder_version=\u00bb3.0.47&#8243; background_size=\u00bbinitial\u00bb background_position=\u00bbtop_left\u00bb background_repeat=\u00bbrepeat\u00bb][et_pb_column type=\u00bb4_4&#8243; _builder_version=\u00bb3.0.47&#8243; parallax=\u00bboff\u00bb parallax_method=\u00bbon\u00bb][et_pb_text admin_label=\u00bbText\u00bb _builder_version=\u00bb3.0.47&#8243; background_size=\u00bbinitial\u00bb background_position=\u00bbtop_left\u00bb background_repeat=\u00bbrepeat\u00bb]\t\t\t\t[\/et_pb_text][\/et_pb_column][\/et_pb_row][\/et_pb_section][et_pb_section fb_built=\u00bb1&#8243; _builder_version=\u00bb3.0.106&#8243; custom_padding=\u00bb0|0px|54px|0px\u00bb][et_pb_row _builder_version=\u00bb3.0.106&#8243;][et_pb_column type=\u00bb4_4&#8243; _builder_version=\u00bb3.0.106&#8243; parallax=\u00bboff\u00bb parallax_method=\u00bbon\u00bb][et_pb_image src=\u00bbhttp:\/\/fundasuvicol.org\/sitio\/wp-content\/uploads\/2018\/04\/Fundasuvicol-3.jpg\u00bb _builder_version=\u00bb3.0.106&#8243; max_width=\u00bb35%\u00bb module_alignment=\u00bbcenter\u00bb box_shadow_style=\u00bbpreset4&#8243;][\/et_pb_image][\/et_pb_column][\/et_pb_row][\/et_pb_section][et_pb_section fb_built=\u00bb1&#8243; _builder_version=\u00bb3.0.106&#8243; custom_padding=\u00bb0|0px|111px|0px\u00bb bottom_divider_color=\u00bb#0079B1&#8243; bottom_divider_height=\u00bb44px\u00bb][et_pb_row custom_padding=\u00bb4px|0px|27px|0px\u00bb _builder_version=\u00bb3.0.106&#8243;][et_pb_column type=\u00bb4_4&#8243; _builder_version=\u00bb3.0.106&#8243; parallax=\u00bboff\u00bb parallax_method=\u00bbon\u00bb][et_pb_text _builder_version=\u00bb3.0.106&#8243; text_font=\u00bb||||||||\u00bb text_font_size=\u00bb19px\u00bb]<\/p>\n<h2 style=\"text-align: center;\"><strong>\u00bfQu\u00e9 son los Trastornos del Sue\u00f1o?<\/strong><\/h2>\n<p style=\"text-align: justify;\">\n<p style=\"text-align: justify;\">\u201cTengo problemas para dormir\u201d es una frase que seguro ha escuchado muchas veces e incluso ha pronunciado. Los problemas para dormir son una de las manifestaciones m\u00e1s t\u00edpicas de los trastornos del sue\u00f1o.<\/p>\n<p style=\"text-align: justify;\">En la literatura m\u00e9dica existen m\u00e1s de 100 diferentes trastornos del sue\u00f1o que var\u00edan en gravedad, frecuencia o prevalencia.<\/p>\n<p>&nbsp;<\/p>\n<h2 style=\"text-align: center;\">\u00bfQu\u00e9 es el trastorno del sue\u00f1o?<\/h2>\n<p>&nbsp;<\/p>\n<p style=\"text-align: justify;\">Se puede denominar trastorno del sue\u00f1o (o desorden del sue\u00f1o) en general, a cualquier problema relacionado con dormir\u00a0 o con el ciclo sue\u00f1o- vigilia. Existen m\u00e1s de un centenar, aunque se suelen agrupar en 4 grandes grupos:<\/p>\n<ul>\n<li style=\"text-align: justify;\">Problemas para conciliar el sue\u00f1o\u00a0y\/o permanecer dormido \u2013 el m\u00e1s conocido, el insomnio.<\/li>\n<li style=\"text-align: justify;\">Problemas para estar despierto: excesiva somnolencia diurna.<\/li>\n<li style=\"text-align: justify;\">Problemas para mantener un horario\u00a0 regular de sue\u00f1o \u2013 personas que trabajan a turnos, jetlag, entre otros.<\/li>\n<li style=\"text-align: justify;\">Parasomnia cuyo trastorno m\u00e1s com\u00fan es el sonambulismo.<\/li>\n<\/ul>\n<p>[\/et_pb_text][\/et_pb_column][\/et_pb_row][\/et_pb_section]<\/p>\n","protected":false},"excerpt":{"rendered":"<p>[et_pb_section fb_built=\u00bb1&#8243; admin_label=\u00bbsection\u00bb _builder_version=\u00bb3.0.106&#8243; custom_padding=\u00bb54px|0px|0|0px\u00bb top_divider_style=\u00bbclouds2&#8243; top_divider_color=\u00bb#0079B1&#8243;][et_pb_row admin_label=\u00bbrow\u00bb _builder_version=\u00bb3.0.47&#8243; background_size=\u00bbinitial\u00bb background_position=\u00bbtop_left\u00bb background_repeat=\u00bbrepeat\u00bb][et_pb_column type=\u00bb4_4&#8243; _builder_version=\u00bb3.0.47&#8243; parallax=\u00bboff\u00bb parallax_method=\u00bbon\u00bb][et_pb_text admin_label=\u00bbText\u00bb _builder_version=\u00bb3.0.47&#8243; background_size=\u00bbinitial\u00bb background_position=\u00bbtop_left\u00bb background_repeat=\u00bbrepeat\u00bb] [\/et_pb_text][\/et_pb_column][\/et_pb_row][\/et_pb_section][et_pb_section fb_built=\u00bb1&#8243; _builder_version=\u00bb3.0.106&#8243; custom_padding=\u00bb0|0px|54px|0px\u00bb][et_pb_row _builder_version=\u00bb3.0.106&#8243;][et_pb_column type=\u00bb4_4&#8243; _builder_version=\u00bb3.0.106&#8243; parallax=\u00bboff\u00bb parallax_method=\u00bbon\u00bb][et_pb_image src=\u00bbhttp:\/\/fundasuvicol.org\/sitio\/wp-content\/uploads\/2018\/04\/Fundasuvicol-3.jpg\u00bb _builder_version=\u00bb3.0.106&#8243; max_width=\u00bb35%\u00bb module_alignment=\u00bbcenter\u00bb box_shadow_style=\u00bbpreset4&#8243;][\/et_pb_image][\/et_pb_column][\/et_pb_row][\/et_pb_section][et_pb_section fb_built=\u00bb1&#8243; _builder_version=\u00bb3.0.106&#8243; custom_padding=\u00bb0|0px|111px|0px\u00bb bottom_divider_color=\u00bb#0079B1&#8243; bottom_divider_height=\u00bb44px\u00bb][et_pb_row custom_padding=\u00bb4px|0px|27px|0px\u00bb _builder_version=\u00bb3.0.106&#8243;][et_pb_column type=\u00bb4_4&#8243; _builder_version=\u00bb3.0.106&#8243; parallax=\u00bboff\u00bb parallax_method=\u00bbon\u00bb][et_pb_text _builder_version=\u00bb3.0.106&#8243; text_font=\u00bb||||||||\u00bb text_font_size=\u00bb19px\u00bb] \u00bfQu\u00e9 son los Trastornos del Sue\u00f1o? [&hellip;]<\/p>\n","protected":false},"author":1,"featured_media":0,"parent":0,"menu_order":0,"comment_status":"closed","ping_status":"closed","template":"","meta":{"footnotes":""},"class_list":["post-47259","page","type-page","status-publish","hentry"],"_links":{"self":[{"href":"https:\/\/fundasuvicol.org\/sitio\/wp-json\/wp\/v2\/pages\/47259","targetHints":{"allow":["GET"]}}],"collection":[{"href":"https:\/\/fundasuvicol.org\/sitio\/wp-json\/wp\/v2\/pages"}],"about":[{"href":"https:\/\/fundasuvicol.org\/sitio\/wp-json\/wp\/v2\/types\/page"}],"author":[{"embeddable":true,"href":"https:\/\/fundasuvicol.org\/sitio\/wp-json\/wp\/v2\/users\/1"}],"replies":[{"embeddable":true,"href":"https:\/\/fundasuvicol.org\/sitio\/wp-json\/wp\/v2\/comments?post=47259"}],"version-history":[{"count":9,"href":"https:\/\/fundasuvicol.org\/sitio\/wp-json\/wp\/v2\/pages\/47259\/revisions"}],"predecessor-version":[{"id":47674,"href":"https:\/\/fundasuvicol.org\/sitio\/wp-json\/wp\/v2\/pages\/47259\/revisions\/47674"}],"wp:attachment":[{"href":"https:\/\/fundasuvicol.org\/sitio\/wp-json\/wp\/v2\/media?parent=47259"}],"curies":[{"name":"wp","href":"https:\/\/api.w.org\/{rel}","templated":true}]}}

Qué son los Trastornos del Sueño

<p>[et_pb_section fb_built=»1&#8243; admin_label=»section» _builder_version=»3.0.106&#8243; custom_padding=»54px|0px|0|0px» top_divider_style=»clouds2&#8243; top_divider_color=»#0079B1&#8243;][et_pb_row admin_label=»row» _builder_version=»3.0.47&#8243; background_size=»initial» background_position=»top_left» background_repeat=»repeat»][et_pb_column type=»4_4&#8243; _builder_version=»3.0.47&#8243; parallax=»off» parallax_method=»on»][et_pb_text admin_label=»Text» _builder_version=»3.0.47&#8243; background_size=»initial» background_position=»top_left» background_repeat=»repeat»]				[/et_pb_text][/et_pb_column][/et_pb_row][/et_pb_section][et_pb_section fb_built=»1&#8243; _builder_version=»3.0.106&#8243; custom_padding=»0|0px|54px|0px»][et_pb_row _builder_version=»3.0.106&#8243;][et_pb_column type=»4_4&#8243; _builder_version=»3.0.106&#8243; parallax=»off» parallax_method=»on»][et_pb_image src=»http://fundasuvicol.org/sitio/wp-content/uploads/2018/04/Fundasuvicol-3.jpg» _builder_version=»3.0.106&#8243; max_width=»35%» module_alignment=»center» box_shadow_style=»preset4&#8243;][/et_pb_image][/et_pb_column][/et_pb_row][/et_pb_section][et_pb_section fb_built=»1&#8243; _builder_version=»3.0.106&#8243; custom_padding=»0|0px|111px|0px» bottom_divider_color=»#0079B1&#8243; bottom_divider_height=»44px»][et_pb_row custom_padding=»4px|0px|27px|0px» _builder_version=»3.0.106&#8243;][et_pb_column type=»4_4&#8243; _builder_version=»3.0.106&#8243; parallax=»off» parallax_method=»on»][et_pb_text _builder_version=»3.0.106&#8243; text_font=»||||||||» text_font_size=»19px»]</p>
<h2 style="text-align: center;"><strong>¿Qué son los Trastornos del Sueño?</strong></h2>
<p style="text-align: justify;">
<p style="text-align: justify;">“Tengo problemas para dormir” es una frase que seguro ha escuchado muchas veces e incluso ha pronunciado. Los problemas para dormir son una de las manifestaciones más típicas de los trastornos del sueño.</p>
<p style="text-align: justify;">En la literatura médica existen más de 100 diferentes trastornos del sueño que varían en gravedad, frecuencia o prevalencia.</p>
<p>&nbsp;</p>
<h2 style="text-align: center;">¿Qué es el trastorno del sueño?</h2>
<p>&nbsp;</p>
<p style="text-align: justify;">Se puede denominar trastorno del sueño (o desorden del sueño) en general, a cualquier problema relacionado con dormir  o con el ciclo sueño- vigilia. Existen más de un centenar, aunque se suelen agrupar en 4 grandes grupos:</p>
<ul>
<li style="text-align: justify;">Problemas para conciliar el sueño y/o permanecer dormido – el más conocido, el insomnio.</li>
<li style="text-align: justify;">Problemas para estar despierto: excesiva somnolencia diurna.</li>
<li style="text-align: justify;">Problemas para mantener un horario  regular de sueño – personas que trabajan a turnos, jetlag, entre otros.</li>
<li style="text-align: justify;">Parasomnia cuyo trastorno más común es el sonambulismo.</li>
</ul>
<p>[/et_pb_text][/et_pb_column][/et_pb_row][/et_pb_section]</p>

<p>[et_pb_section fb_built=»1&#8243; admin_label=»section» _builder_version=»3.0.106&#8243; custom_padding=»54px|0px|0|0px» top_divider_style=»clouds2&#8243; top_divider_color=»#0079B1&#8243;][et_pb_row admin_label=»row» _builder_version=»3.0.47&#8243; background_size=»initial» background_position=»top_left» background_repeat=»repeat»][et_pb_column type=»4_4&#8243; _builder_version=»3.0.47&#8243; parallax=»off» parallax_method=»on»][et_pb_text admin_label=»Text» _builder_version=»3.0.47&#8243; background_size=»initial» background_position=»top_left» background_repeat=»repeat»] [/et_pb_text][/et_pb_column][/et_pb_row][/et_pb_section][et_pb_section fb_built=»1&#8243; _builder_version=»3.0.106&#8243; custom_padding=»0|0px|54px|0px»][et_pb_row _builder_version=»3.0.106&#8243;][et_pb_column type=»4_4&#8243; _builder_version=»3.0.106&#8243; parallax=»off» parallax_method=»on»][et_pb_image src=»http://fundasuvicol.org/sitio/wp-content/uploads/2018/04/Fundasuvicol-3.jpg» _builder_version=»3.0.106&#8243; max_width=»35%» module_alignment=»center» box_shadow_style=»preset4&#8243;][/et_pb_image][/et_pb_column][/et_pb_row][/et_pb_section][et_pb_section fb_built=»1&#8243; _builder_version=»3.0.106&#8243; custom_padding=»0|0px|111px|0px» bottom_divider_color=»#0079B1&#8243; bottom_divider_height=»44px»][et_pb_row custom_padding=»4px|0px|27px|0px» _builder_version=»3.0.106&#8243;][et_pb_column type=»4_4&#8243; _builder_version=»3.0.106&#8243; parallax=»off» parallax_method=»on»][et_pb_text _builder_version=»3.0.106&#8243; text_font=»||||||||» text_font_size=»19px»] ¿Qué son los Trastornos del Sueño? [&hellip;]</p>
